 d(-11). What is the highest common factor of x and 7?
7
Let k be 670 - 0 - (-5)/((-5)/(-4)). Suppose 0*t = -4*t - 3*a + k, 4*t = 4*a + 688. Let x = 114 - 80. What is the highest common factor of t and x?
34
Let j = 301 + -301. Suppose j = -5*m - 9*m + 3136. What is the greatest common factor of 64 and m?
32
Let a be (116/8 + -1)/(2/4). What is the greatest common divisor of 24 and a?
3
Let c be (1649/119 - 14) + 26/(-14). Let j(q) = -122*q - 46. Let p be j(c). Calculate the greatest common factor of p and 264.
66
Let q = 15 + -11. Let d(a) = a**3 + 5*a**2 - 9*a - 17. Let z = -440 - -435. Let x be d(z). Calculate the highest common divisor of q and x.
4
Let o(t) = 10151*t + 97. Let b be o(1). What is the highest common factor of 336 and b?
168
Let r be (3 + 0 - (-16)/(-5)) + 28809/45. What is the greatest common factor of 1856 and r?
64
Let s = 3939 + -3854. What is the highest common divisor of s and 17?
17
Suppose 530*x + 2*i = 534*x - 918, -456 = -2*x + 4*i. Calculate the highest common divisor of 15295 and x.
115
Let y(p) = 358*p**3 + 2*p**2 - 11*p + 11. Let m be y(1). What is the greatest common divisor of m and 48?
24
Suppose 25*s + 7092 = 35*s - 10158. What is the highest common divisor of 10 and s?
5
Let u be 1992/312*26 - (4 + 0). What is the highest common factor of u and 45846?
162
Let x be 0 + 0 - ((-121 - -1) + 1). Suppose l + x = -169. Let k be (-1 + l/(-3))*8/40. What is the greatest common factor of 133 and k?
19
Let f be (-14)/(-10) + -1 + 6118/230. Suppose 0 = h + 1 - 3. Let a = h + 25. What is the greatest common factor of a and f?
27
Let k be ((-78)/24 - (-4)/16) + 1008. Calculate the highest common factor of 15 and k.
15
Let o(l) = 2*l**2 - 23*l + 1570. Let j be o(70). What is the greatest common factor of 40 and j?
40
Let s = 10890 + -10745. Calculate the highest common factor of 25955 and s.
145
Let q(f) = -3*f - 6. Let p be q(-6). Suppose -530 - 550 = -20*b. Suppose 8*l - b = 5*l. Calculate the highest common factor of l and p.
6
Suppose 60*i - 1825 = 2504 + 4311. What is the highest common factor of i and 972?
36
Suppose 696 = 3*p + 246. Let u be (-6)/(-10) + 60/p. Suppose u = 3*v + 4*f - 43, -33 = -v - 5*f. Calculate the greatest common divisor of 56 and v.
8
Suppose -38 - 2 = -5*g. Suppose 879 = k + 3*i, 4*k = k - 2*i + 2602. What is the highest common divisor of k and g?
8
Suppose 33 - 592 = -r + 4*b, 3*r = -4*b + 1677. What is the greatest common divisor of r and 43?
43
Suppose 6284 = 383*n - 2525. Let t = -922 - -1543. What is the highest common factor of t and n?
23
Suppose -529*f + 530*f = 561. Calculate the highest common factor of 1309 and f.
187
Suppose 17*c - 5*c + 480 = 0. Let t be 1*3 - (-3 + 3). Let v be 48/c*(-20)/t. Calculate the greatest common divisor of 20 and v.
4
Suppose 0 = -139*a + 155*a - 6706 - 4414. Calculate the highest common divisor of a and 3.
1
Let o be 16/2 - (-1 + 6 - 27). What is the highest common divisor of 5745 and o?
15
Suppose j = -3*k - 2*j + 663, 869 = 4*k + j. Let i = -110796 - -110844. Calculate the highest common divisor of i and k.
24
Let d be 32439 + (40/2 - (-10 + 21)). What is the highest common divisor of d and 52?
52
Let h(d) = d**2 + 4*d - 25. Let f be -7 - 1 - (-6 + 6)/(-1). Let y be h(f). Suppose 0*c = c - 56. Calculate the greatest common divisor of c and y.
7
Let a = 544 + -291. Suppose a = g - 189. What is the greatest common factor of g and 26?
26
Suppose 0 = 4*s - y - 1292, 0 = -4*s - 5*y + 791 + 477. Let h = 514 - s. Suppose 0 = 2*g - 3*g + 24. Calculate the highest common divisor of g and h.
24
Suppose -2*f - 2 = 1143*c - 1139*c, 52 = 3*f - 5*c. Calculate the highest common divisor of f and 1743.
3
Let o = -12750 - -13245. Calculate the highest common factor of 27 and o.
9
Let p = -9124 - -9488. Calculate the highest common factor of 140 and p.
28
Suppose -160 = -4*y + 3*f + 506, 5*f + 830 = 5*y. What is the highest common divisor of 644 and y?
28
Suppose 0 = -4*n - 19 - 41. Let r(j) = j. Let g be r(n). Let p be (-1)/(15/2) - 92/g. Calculate the highest common factor of 102 and p.
6
Suppose 1243 = 5*w - 692. Let n be w/11 - (3 - 124/44). What is the greatest common factor of 175 and n?
35
Let s be (2/6)/(3/(-36)). Let r be (-136)/(0 + 4)*2/s. Let p(x) = 4*x + 5. Let v be p(3). Calculate the greatest common divisor of r and v.
17
Let b = 196 - -3278. Calculate the greatest common divisor of 18 and b.
18
Suppose -11*x - 3*t = -2710, -10*x + 9*x + 5*t = -278. What is the highest common factor of x and 11036?
124
Let y be 3/21 - ((-84838)/455 - (-16)/10). Let a = -10 + 14. Suppose -c = -a*c + 111. What is the highest common factor of c and y?
37
Let f = -27888 + 31648. Calculate the greatest common divisor of 3995 and f.
235
Let u = -59 - -59. Suppose u = 2*x - 3*k + 4*k - 88, -3*x + 3*k = -114. Let p = x + -33. Calculate the highest common divisor of 9 and p.
9
Suppose 1005 = 3*f + 12*f - 2775. Calculate the highest common divisor of f and 288.
36
Let x be (-1 - (-3 + 1))*-1. Suppose -j = -7*n - 101, 5*n + 35*j - 37*j = -67. Let k be 22 - (4 + x)*10/n. What is the highest common factor of 192 and k?
24
Let o(d) = -d**3 + 4*d**2 + 13*d + 13. Let n be o(9). Let f = 431 + n. What is the highest common divisor of f and 36?
12
Suppose 2403*d = 2386*d + 1105. Calculate the highest common factor of d and 85.
5
Suppose -2*v + 120 = 110. Let k(b) = 23*b**2 - 7*b + 12. Let x be k(v). What is the greatest common divisor of x and 46?
46
Let v(u) = u**3 + 3*u**2 + 28*u - 5. Let b be v(-7). Let x = 571 + b. What is the greatest common divisor of 609 and x?
87
Suppose -5*n = -1 + 21, 68 = 4*o + 2*n. Let t(p) = p**2 - 15*p - 11. Let i be t(20). Let u = i - -6. Calculate the highest common factor of o and u.
19
Let w = 3 - -9. Suppose 2*n - 28 - 52 = u, -2*n - u = -88. Calculate the greatest common factor of n and w.
6
Let m = 345 + -207. Let t(q) = -2*q**2 + 7*q + 1. Let b be t(5). Let o = b + m. Calculate the greatest common divisor of 31 and o.
31
Let m(p) = 5*p**3 + 136*p**2 + 11*p + 69. Let s be m(-27). Calculate the greatest common divisor of s and 3.
3
Let g = 61 + -50. Let o be 2*38 + (g - 5) + -2. Let q(w) = 199*w**3 + w**2 + w - 1. Let i be q(1). Calculate the highest common divisor of i and o.
40
Let q be -5*((-66)/60 - 1/(-2)). Suppose -q*p - 3*z + 578 = -4*z, 5*z - 950 = -5*p. Calculate the highest common factor of 24 and p.
24
Let y = -1402 - -1550. Let u(a) = 92*a**2 - 2*a - 2. Let v be u(-2). What is the greatest common divisor of y and v?
74
Let c = 13571 - 13561. What is the greatest common divisor of c and 2885?
5
Suppose t - l + 6 = 2*t, 5*t - 30 = 5*l. Let m(r) = -70*r + 766. Let c be m(4). What is the greatest common factor of c and t?
6
Suppose 22*w + 28 = -38. Let f(m) = -m + 1. Let p be f(w). Calculate the greatest common factor of p and 14.
2
Let u = 185 - -41. Suppose -3*j + 77 = -u. Let f = j + -99. Calculate the highest common divisor of 2 and f.
2
Let r(t) = 41*t + 2*t**3 - 19*t - 16*t - 1 + 15*t**2. Let o be r(-7). Calculate the greatest common factor of o and 48.
6
Suppose -3*n + 0*n = -9. Suppose -36*k - 9003 - 2190 = -323*k. What is the highest common divisor of k and n?
3
Let s be 29/1 + 1 + -3. Let m = -981 + 1197. Calculate the highest common divisor of s and m.
27
Suppose 6*h + 80 = 22*h. Let s be (-1*h/(-10))/(3/990). Calculate the highest common factor of s and 15.
15
Let r = -3513 + 3590. What is the greatest common factor of r and 374?
11
Let y(u) = -80*u + 3 + 136*u - 2*u**2 + u**2 - 67*u. Let b be y(-10). Calculate the highest common divisor of b and 52.
13
Let i be (-1 + -6)*8/(-14) - -11. Let w be ((-80)/i)/(-8) + 104/6. What is the greatest common factor of w and 144?
18
Let b(n) = 2*n**3 - 129*n + 9. Let u be b(-8). Let a(h) = h**3 + 4*h**2 - h - 2. Let i be a(-4). Let s = 15 + i. What is the highest common divisor of u and s?
17
Let y = -900 - -16650. What is the greatest common divisor of 250 and y?
250
Suppose -7*s + 683 + 703 = 0. Let b = s - 176. Calculate the highest common divisor of 44 and b.
22
Let b = 20162 - 10194. What is the greatest common divisor of b and 14?
14
Let o = -6209 + 20726. What is the highest common factor of o and 18?
9
Let j be 3/(3 + 0) - (0 + -598). Let k = j - 226. Suppose 4*i + 49 = k. What is t